digit of 1085483?
5
What is the hundred thousands digit of 896662?
8
What is the ten thousands digit of 220347?
2
What is the hundred thousands digit of 1215651?
2
What is the tens digit of 6526285?
8
What is the units digit of 586058?
8
What is the thousands digit of 89875?
9
What is the hundred thousands digit of 646064?
6
What is the hundreds digit of 4478237?
2
What is the hundreds digit of 2591895?
8
What is the tens digit of 941398?
9
What is the ten thousands digit of 499638?
9
What is the hundred thousands digit of 533713?
5
What is the ten thousands digit of 472329?
7
What is the millions digit of 1602102?
1
What is the thousands digit of 8761494?
1
What is the ten thousands digit of 1969824?
6
What is the tens digit of 5124617?
1
What is the ten millions digit of 13151800?
1
What is the hundred thousands digit of 409239?
4
What is the ten thousands digit of 1628159?
2
What is the hundreds digit of 1228864?
8
What is the tens digit of 14823347?
4
What is the ten thousands digit of 2124626?
2
What is the tens digit of 97646?
4
What is the tens digit of 4377760?
6
What is the tens digit of 3954879?
7
What is the millions digit of 4096686?
4
What is the thousands digit of 17397171?
7
What is the hundred thousands digit of 2830761?
8
What is the units digit of 1380108?
8
What is the hundreds digit of 250067?
0
What is the ten millions digit of 33324402?
3
What is the hundreds digit of 3002201?
2
What is the hundreds digit of 2945465?
4
What is the hundreds digit of 453786?
7
What is the millions digit of 1043445?
1
What is the ten thousands digit of 6507488?
0
What is the tens digit of 2700637?
3
What is the tens digit of 19420481?
8
What is the hundreds digit of 1317801?
8
What is the millions digit of 15453752?
5
What is the ten thousands digit of 234165?
3
What is the units digit of 4230430?
0
What is the ten thousands digit of 499846?
9
What is the ten thousands digit of 4027385?
2
What is the ten thousands digit of 17678133?
7
What is the units digit of 337068?
8
What is the tens digit of 421729?
2
What is the millions digit of 4805413?
4
What is the hundreds digit of 4774316?
3
What is the ten thousands digit of 2302313?
0
What is the thousands digit of 212248?
2
What is the hundred thousands digit of 8876663?
8
What is the thousands digit of 1254838?
4
What is the millions digit of 9614122?
9
What is the hundred thousands digit of 3731551?
7
What is the units digit of 95217?
7
What is the hundred thousands digit of 554648?
5
What is the ten thousands digit of 19881846?
8
What is the ten thousands digit of 597735?
9
What is the hundred thousands digit of 255486?
2
What is the thousands digit of 1360474?
0
What is the hundred thousands digit of 3157105?
1
What is the millions digit of 2580160?
2
What is the hundred thousands digit of 304334?
3
What is the tens digit of 1377198?
9
What is the tens digit of 596437?
3
What is the hundred thousands digit of 1483539?
4
What is the ten thousands digit of 194460?
9
What is the thousands digit of 138230?
8
What is the millions digit of 1309625?
1
What is the hundreds digit of 72278?
2
What is the hundred thousands digit of 541078?
5
What is the hundreds digit of 11274919?
9
What is the units digit of 4877745?
5
What is the units digit of 4249466?
6
What is the millions digit of 4963903?
4
What is the hundred thousands digit of 714127?
7
What is the tens digit of 1098174?
7
What is the tens digit of 2815358?
5
What is the ten millions digit of 18697044?
1
What is the ten thousands digit of 452650?
5
What is the thousands digit of 1595255?
5
What is the thousands digit of 1674367?
4
What is the units digit of 902021?
1
What is the hundreds digit of 6394767?
7
What is the units digit of 4225474?
4
What is the tens digit of 4718811?
1
What is the units digit of 640880?
0
What is the units digit of 1388428?
8
What is the tens digit of 1637251?
5
What is the thousands digit of 46790?
6
What is the units digit of 146681?
1
What is the ten millions digit of 26187718?
2
What is the tens digit of 2390601?
0
What is the millions digit of 2574076?
2
What is the millions digit of 3697921?
3
What is the hundreds digit of 25316?
3
What is the tens digit of 1491869?
6
What is the ten thousands digit of 1176847?
7
What is the units digit of 109163?
3
What is the tens digit of 18022682?
8
What is the hundreds digit of 138654?
6
What is the ten thousands digit of 15413532?
1
What is the units digit of 3283072?
2
What is the hundred thousands digit of 132438?
1
What is the hundred thousands digit of 12980589?
9
What is the hundred thousands digit of 377273?
3
What is the thousands digit of 3078140?
8
What is the units digit of 160972?
2
What is the ten thousands digit of 331184?
3
What is the thousands digit of 17379185?
9
What is the units digit of 8529819?
9
What is the tens digit of 90470?
7
What is the hundreds digit of 682212?
2
What is the tens digit of 1499786?
8
What is the hundreds digit of 196054?
0
What is the hundreds digit of 270050?
0
What is the ten thousands digit of 134352?
3
What is the tens digit of 3791462?
6
What is the hundred thousands digit of 7150500?
1
What is the thousands digit of 510845?
0
What is the ten thousands digit of 283789?
8
What is the millions digit of 6849208?
6
What is the units digit of 43602?
2
What is the units digit of 500916?
6
What is the hundreds digit of 436274?
2
What is the hundreds digit of 239106?
1
What is the millions digit of 3398233?
3
What is the tens digit of 2035170?
7
What is the thousands digit of 20682895?
2
What is the tens digit of 2611801?
0
What is the tens digit of 1116325?
2
What is the ten thousands digit of 1055936?
5
What is the thousands digit of 4071979?
1
What is the tens digit of 30442933?
3
What is the hundred thousands digit of 1769616?
7
What is the millions digit of 21314923?
1
What is the units digit of 582784?
4
What is the ten thousands digit of 222566?
2
What is the thousands digit of 2122223?
2
What is the thousands digit of 628417?
8
What is the thousands digit of 1179058?
9
What is the units digit of 91387?
7
What is the ten thousands digit of 901854?
0
What is the hundred thousands digit of 2187667?
1
What is the hundreds digit of 705454?
4
What is the millions digit of 6636024?
6
What is the units digit of 296219?
9
What is the thousands digit of 731372?
1
What is the thousands digit of 491974?
1
What is the ten thousands digit of 402265?
0
What is the thousands digit of 546028?
6
What is the hundreds digit of 118389?
3
What is the thousands digit of 543719?
3
What is the thousands digit of 401120?
1
What is the ten thousands digit of 513679?
1
What is the hundreds digit of 122508?
5
What is the units digit of 3556172?
2
What is the hundred thousands digit of 195013?
1
What is the hundred thousands digit of 266351?
2
What is the millions digit of 8513474?
8
What is the millions digit of 13631094?
3
What is the thousands digit of 562867?
2
What is the hundred thousands digit of 393872?
3
What is the units digit of 491746?
6
What is the hundreds digit of 112203?
2
What is the ten thousands digit of 429096?
2
What is the hundred thousands digit of 1363184?
3
What is the hundreds digit of 434420?
4
What is the tens digit of 15187048?
4
What is the millions digit of 2986300?
2
What is the ten thousands digit of 600264?
0
What is the ten thousands digit of 199495?
9
What is the units digit of 1515211?
1
What is the units digit of 9200840?
0
What is the tens digit of 60829?
2
What is the units digit of 2637963?
3
What is the tens digit of 300878?
7
What is the hundreds digit of 141065?
0
What is the hundreds digit of 294706?
7
What is the tens digit of 3989362?
6
What is the millions digit of 34604688?
4
What is the hundreds digit of 217010?
0
What is the hundreds digit of 2769328?
3
What is the hundred thousands digit of 551398?
5
What is the millions digit of 12442333?
2
What is the hundreds digit of 728490?
4
What is the millions digit of 15995236?
5
What is the millions digit of 21077498?
1
What is the tens digit of 255212?
1
What is the units digit of 92728?
8
What is the hundred thousands digit of 521789?
5
What is the thousands digit of 95923?
5
What is the units digit of 10485542?
2
What is the hundred thousands digi